{"id":1312,"date":"2023-09-11T22:56:10","date_gmt":"2023-09-11T22:56:10","guid":{"rendered":"https:\/\/grupoalcon.com\/GrupoAlconWeb\/?page_id=1312"},"modified":"2023-09-12T16:24:19","modified_gmt":"2023-09-12T16:24:19","slug":"proyectos","status":"publish","type":"page","link":"https:\/\/grupoalcon.com\/GrupoAlconWeb\/proyectos\/","title":{"rendered":"Proyectos"},"content":{"rendered":"\n<div class=\"blockart-section blockart-section-72043496\"><div class=\"blockart-container\"><div class=\"blockart-section-inner\">\n<div class=\"blockart-column blockart-column-1b2538cf\"><div class=\"blockart-column-inner\">\n<h2 class=\"blockart-heading blockart-heading-94a9e652\">Plaza Mayor<\/h2>\n\n\n\n<p class=\"blockart-paragraph blockart-paragraph-c34757c2\">Localizada en Le\u00f3n, la cuidad mas grande del estado de Guanajuato. El \u00e1rea es un centro econ\u00f3mico importante en la parte central de M\u00e9xico,  consolidando una oferta \u00fanica en la regi\u00f3n por lo que respectan a tiendas departamentales, tiendas de especialidades, restaurantes y agencias de autos. <\/p>\n\n\n\n<p class=\"blockart-paragraph blockart-paragraph-7ee3db47\">Su penetraci\u00f3n en el mercado regional incluye visitantes de ciudades como; Zacatecas, Morelia, Guadalajara, Lagos de Moreno, San Luis Potos\u00ed, Aguascalientes, Irapuato, Quer\u00e9taro, Guanajuato, Celaya y Silao, asi como el 64% del mercado local. Su importancia en el sector tur\u00edstico es reconocida por la COTUR (Coordinadora Tur\u00edstica del Estado), incorporado como parte de la infraestructura  tur\u00edstica del Estado.<\/p>\n\n\n\n<div class=\"blockart-image blockart-image-537ab0db\"><img loading=\"lazy\" decoding=\"async\" width=\"680\" height=\"382\" class=\"wp-image-1325\" src=\"https:\/\/grupoalcon.com\/GrupoAlconWeb\/wp-content\/uploads\/2023\/09\/2021-01-09.jpg\" alt=\"\" srcset=\"https:\/\/grupoalcon.com\/GrupoAlconWeb\/wp-content\/uploads\/2023\/09\/2021-01-09.jpg 680w, https:\/\/grupoalcon.com\/GrupoAlconWeb\/wp-content\/uploads\/2023\/09\/2021-01-09-300x169.jpg 300w, https:\/\/grupoalcon.com\/GrupoAlconWeb\/wp-content\/uploads\/2023\/09\/2021-01-09-600x337.jpg 600w\" sizes=\"auto, (max-width: 680px) 100vw, 680px\" \/><\/div>\n<\/div><\/div>\n\n\n\n<div class=\"blockart-column blockart-column-0594093f\"><div class=\"blockart-column-inner\">\n<div class=\"blockart-image blockart-image-a2a488ea\"><img loading=\"lazy\" decoding=\"async\" width=\"1200\" height=\"1200\" class=\"wp-image-1323\" src=\"https:\/\/grupoalcon.com\/GrupoAlconWeb\/wp-content\/uploads\/2023\/09\/imagenfondo.jpg\" alt=\"\" srcset=\"https:\/\/grupoalcon.com\/GrupoAlconWeb\/wp-content\/uploads\/2023\/09\/imagenfondo.jpg 1200w, https:\/\/grupoalcon.com\/GrupoAlconWeb\/wp-content\/uploads\/2023\/09\/imagenfondo-300x300.jpg 300w, https:\/\/grupoalcon.com\/GrupoAlconWeb\/wp-content\/uploads\/2023\/09\/imagenfondo-1024x1024.jpg 1024w, https:\/\/grupoalcon.com\/GrupoAlconWeb\/wp-content\/uploads\/2023\/09\/imagenfondo-150x150.jpg 150w, https:\/\/grupoalcon.com\/GrupoAlconWeb\/wp-content\/uploads\/2023\/09\/imagenfondo-768x768.jpg 768w, https:\/\/grupoalcon.com\/GrupoAlconWeb\/wp-content\/uploads\/2023\/09\/imagenfondo-600x600.jpg 600w, https:\/\/grupoalcon.com\/GrupoAlconWeb\/wp-content\/uploads\/2023\/09\/imagenfondo-100x100.jpg 100w\" sizes=\"auto, (max-width: 1200px) 100vw, 1200px\" \/><\/div>\n\n\n\n<div class=\"blockart-image blockart-image-cc1e574f\"><img loading=\"lazy\" decoding=\"async\" width=\"680\" height=\"510\" class=\"wp-image-1328\" src=\"https:\/\/grupoalcon.com\/GrupoAlconWeb\/wp-content\/uploads\/2023\/09\/DSC00273.jpg\" alt=\"\" srcset=\"https:\/\/grupoalcon.com\/GrupoAlconWeb\/wp-content\/uploads\/2023\/09\/DSC00273.jpg 680w, https:\/\/grupoalcon.com\/GrupoAlconWeb\/wp-content\/uploads\/2023\/09\/DSC00273-300x225.jpg 300w, https:\/\/grupoalcon.com\/GrupoAlconWeb\/wp-content\/uploads\/2023\/09\/DSC00273-600x450.jpg 600w\" sizes=\"auto, (max-width: 680px) 100vw, 680px\" \/><\/div>\n<\/div><\/div>\n<\/div><\/div><\/div>\n\n\n\n<div class=\"blockart-section blockart-section-e4682223\"><div class=\"blockart-container\"><div class=\"blockart-section-inner\">\n<div class=\"blockart-column blockart-column-74de62ea\"><div class=\"blockart-column-inner\">\n<h2 class=\"blockart-heading blockart-heading-d1874b8c\">Casa de Piedra<\/h2>\n\n\n\n<p>La ex hacienda, casa de piedra, famosa por su arquitectura y tradici\u00f3n, fue fundada en 1845, Actualmente es uno de los recintos m\u00e1s importantes de la regi\u00f3n para eventos sociales como Bodas, XV a\u00f1os, infantiles, y reuniones empresariales, reconocido por su atenci\u00f3n y calidad de servicio.<\/p>\n\n\n\n<p>Su reciente remodelaci\u00f3n, obra del arquitecto Jalisciense Roberto El\u00edas ha convertido en uno de los complejos socio-empresariales id\u00f3neo no s\u00f3lo para los eventos empresariales y juntas corporativas.<\/p>\n\n\n\n<p>Con una renovada imagen, rodeada de la naturaleza con espacios abiertos y cerrados, se ofrece una exquisita variedad de restaurantes para la degustaci\u00f3n de comida internacional que deleitar\u00e1 del paladar del m\u00e1s exigente comensal.<\/p>\n\n\n\n<div class=\"blockart-image blockart-image-0c99477e\"><img loading=\"lazy\" decoding=\"async\" width=\"780\" height=\"446\" class=\"wp-image-1346\" src=\"https:\/\/grupoalcon.com\/GrupoAlconWeb\/wp-content\/uploads\/2023\/09\/casapiedra-1.png\" alt=\"\" srcset=\"https:\/\/grupoalcon.com\/GrupoAlconWeb\/wp-content\/uploads\/2023\/09\/casapiedra-1.png 780w, https:\/\/grupoalcon.com\/GrupoAlconWeb\/wp-content\/uploads\/2023\/09\/casapiedra-1-300x172.png 300w, https:\/\/grupoalcon.com\/GrupoAlconWeb\/wp-content\/uploads\/2023\/09\/casapiedra-1-768x439.png 768w, https:\/\/grupoalcon.com\/GrupoAlconWeb\/wp-content\/uploads\/2023\/09\/casapiedra-1-600x343.png 600w\" sizes=\"auto, (max-width: 780px) 100vw, 780px\" \/><\/div>\n<\/div><\/div>\n\n\n\n<div class=\"blockart-column blockart-column-30238fa6\"><div class=\"blockart-column-inner\">\n<div class=\"blockart-image blockart-image-33ad53f1\"><img loading=\"lazy\" decoding=\"async\" width=\"1024\" height=\"683\" class=\"wp-image-1340\" src=\"https:\/\/grupoalcon.com\/GrupoAlconWeb\/wp-content\/uploads\/2023\/09\/DSC_3676-1024x683-2.jpg\" alt=\"\" srcset=\"https:\/\/grupoalcon.com\/GrupoAlconWeb\/wp-content\/uploads\/2023\/09\/DSC_3676-1024x683-2.jpg 1024w, https:\/\/grupoalcon.com\/GrupoAlconWeb\/wp-content\/uploads\/2023\/09\/DSC_3676-1024x683-2-300x200.jpg 300w, https:\/\/grupoalcon.com\/GrupoAlconWeb\/wp-content\/uploads\/2023\/09\/DSC_3676-1024x683-2-768x512.jpg 768w, https:\/\/grupoalcon.com\/GrupoAlconWeb\/wp-content\/uploads\/2023\/09\/DSC_3676-1024x683-2-600x400.jpg 600w\" sizes=\"auto, (max-width: 1024px) 100vw, 1024px\" \/><\/div>\n\n\n\n<div class=\"blockart-image blockart-image-dfb21215\"><img loading=\"lazy\" decoding=\"async\" width=\"1024\" height=\"682\" class=\"wp-image-1344\" src=\"https:\/\/grupoalcon.com\/GrupoAlconWeb\/wp-content\/uploads\/2023\/09\/casapiedra-1.jpg\" alt=\"\" srcset=\"https:\/\/grupoalcon.com\/GrupoAlconWeb\/wp-content\/uploads\/2023\/09\/casapiedra-1.jpg 1024w, https:\/\/grupoalcon.com\/GrupoAlconWeb\/wp-content\/uploads\/2023\/09\/casapiedra-1-300x200.jpg 300w, https:\/\/grupoalcon.com\/GrupoAlconWeb\/wp-content\/uploads\/2023\/09\/casapiedra-1-768x512.jpg 768w, https:\/\/grupoalcon.com\/GrupoAlconWeb\/wp-content\/uploads\/2023\/09\/casapiedra-1-600x400.jpg 600w\" sizes=\"auto, (max-width: 1024px) 100vw, 1024px\" \/><\/div>\n<\/div><\/div>\n<\/div><\/div><\/div>\n\n\n\n<div class=\"blockart-section blockart-section-2bb86f7a\"><div class=\"blockart-container\"><div class=\"blockart-section-inner\">\n<div class=\"blockart-column blockart-column-375bd9b7\"><div class=\"blockart-column-inner\">\n<h2 class=\"blockart-heading blockart-heading-433156ad\">Fundaci\u00f3n Plaza Mayor <\/h2>\n\n\n\n<p>Asociaci\u00f3n Civil sin fines de lucro, con la misi\u00f3n de fortalecer a las comunidades m\u00e1s desfavorecidas de la ciudad de Le\u00f3n, para mejorar sus condiciones de vida, buscando su desarrollo autosustentable a trav\u00e9s de la creaci\u00f3n de espacios que les ofrezcan oportunidades dignas.\u00a0<\/p>\n\n\n\n<p>Actualmente la Fundaci\u00f3n Plaza Mayor apoya a varias Asociaciones Civiles como son: Yermo y Parres, La B\u00fasqueda, Ciudad del Ni\u00f1o Don Bosco, Amigo Daniel, entre otras.\u00a0<\/p>\n\n\n\n<div class=\"blockart-image blockart-image-ae5851b8\"><img loading=\"lazy\" decoding=\"async\" width=\"2560\" height=\"1920\" class=\"wp-image-1360\" src=\"https:\/\/grupoalcon.com\/GrupoAlconWeb\/wp-content\/uploads\/2023\/09\/IMG_7218-1-1-scaled-1.jpg\" alt=\"\" srcset=\"https:\/\/grupoalcon.com\/GrupoAlconWeb\/wp-content\/uploads\/2023\/09\/IMG_7218-1-1-scaled-1.jpg 2560w, https:\/\/grupoalcon.com\/GrupoAlconWeb\/wp-content\/uploads\/2023\/09\/IMG_7218-1-1-scaled-1-300x225.jpg 300w, https:\/\/grupoalcon.com\/GrupoAlconWeb\/wp-content\/uploads\/2023\/09\/IMG_7218-1-1-scaled-1-1024x768.jpg 1024w, https:\/\/grupoalcon.com\/GrupoAlconWeb\/wp-content\/uploads\/2023\/09\/IMG_7218-1-1-scaled-1-768x576.jpg 768w, https:\/\/grupoalcon.com\/GrupoAlconWeb\/wp-content\/uploads\/2023\/09\/IMG_7218-1-1-scaled-1-1536x1152.jpg 1536w, https:\/\/grupoalcon.com\/GrupoAlconWeb\/wp-content\/uploads\/2023\/09\/IMG_7218-1-1-scaled-1-2048x1536.jpg 2048w, https:\/\/grupoalcon.com\/GrupoAlconWeb\/wp-content\/uploads\/2023\/09\/IMG_7218-1-1-scaled-1-600x450.jpg 600w\" sizes=\"auto, (max-width: 2560px) 100vw, 2560px\" \/><\/div>\n<\/div><\/div>\n\n\n\n<div class=\"blockart-column blockart-column-b457e519\"><div class=\"blockart-column-inner\">\n<div class=\"blockart-image blockart-image-c1d95b21\"><img loading=\"lazy\" decoding=\"async\" width=\"2560\" height=\"1920\" class=\"wp-image-1362\" src=\"https:\/\/grupoalcon.com\/GrupoAlconWeb\/wp-content\/uploads\/2023\/09\/IMG_7250-1-scaled-1.jpg\" alt=\"\" srcset=\"https:\/\/grupoalcon.com\/GrupoAlconWeb\/wp-content\/uploads\/2023\/09\/IMG_7250-1-scaled-1.jpg 2560w, https:\/\/grupoalcon.com\/GrupoAlconWeb\/wp-content\/uploads\/2023\/09\/IMG_7250-1-scaled-1-300x225.jpg 300w, https:\/\/grupoalcon.com\/GrupoAlconWeb\/wp-content\/uploads\/2023\/09\/IMG_7250-1-scaled-1-1024x768.jpg 1024w, https:\/\/grupoalcon.com\/GrupoAlconWeb\/wp-content\/uploads\/2023\/09\/IMG_7250-1-scaled-1-768x576.jpg 768w, https:\/\/grupoalcon.com\/GrupoAlconWeb\/wp-content\/uploads\/2023\/09\/IMG_7250-1-scaled-1-1536x1152.jpg 1536w, https:\/\/grupoalcon.com\/GrupoAlconWeb\/wp-content\/uploads\/2023\/09\/IMG_7250-1-scaled-1-2048x1536.jpg 2048w, https:\/\/grupoalcon.com\/GrupoAlconWeb\/wp-content\/uploads\/2023\/09\/IMG_7250-1-scaled-1-600x450.jpg 600w\" sizes=\"auto, (max-width: 2560px) 100vw, 2560px\" \/><\/div>\n\n\n\n<div class=\"blockart-image blockart-image-e1b02ebb\"><img loading=\"lazy\" decoding=\"async\" width=\"2048\" height=\"1536\" class=\"wp-image-1353\" src=\"https:\/\/grupoalcon.com\/GrupoAlconWeb\/wp-content\/uploads\/2023\/09\/306275419_1949752181901584_1900890638517544333_n.jpg\" alt=\"\" srcset=\"https:\/\/grupoalcon.com\/GrupoAlconWeb\/wp-content\/uploads\/2023\/09\/306275419_1949752181901584_1900890638517544333_n.jpg 2048w, https:\/\/grupoalcon.com\/GrupoAlconWeb\/wp-content\/uploads\/2023\/09\/306275419_1949752181901584_1900890638517544333_n-300x225.jpg 300w, https:\/\/grupoalcon.com\/GrupoAlconWeb\/wp-content\/uploads\/2023\/09\/306275419_1949752181901584_1900890638517544333_n-1024x768.jpg 1024w, https:\/\/grupoalcon.com\/GrupoAlconWeb\/wp-content\/uploads\/2023\/09\/306275419_1949752181901584_1900890638517544333_n-768x576.jpg 768w, https:\/\/grupoalcon.com\/GrupoAlconWeb\/wp-content\/uploads\/2023\/09\/306275419_1949752181901584_1900890638517544333_n-1536x1152.jpg 1536w, https:\/\/grupoalcon.com\/GrupoAlconWeb\/wp-content\/uploads\/2023\/09\/306275419_1949752181901584_1900890638517544333_n-600x450.jpg 600w\" sizes=\"auto, (max-width: 2048px) 100vw, 2048px\" \/><\/div>\n<\/div><\/div>\n<\/div><\/div><\/div>\n","protected":false},"excerpt":{"rendered":"","protected":false},"author":1,"featured_media":0,"parent":0,"menu_order":0,"comment_status":"closed","ping_status":"closed","template":"","meta":{"site-sidebar-layout":"default","site-content-layout":"","ast-site-content-layout":"default","site-content-style":"default","site-sidebar-style":"default","ast-global-header-display":"","ast-banner-title-visibility":"","ast-main-header-display":"","ast-hfb-above-header-display":"","ast-hfb-below-header-display":"","ast-hfb-mobile-header-display":"","site-post-title":"","ast-breadcrumbs-content":"","ast-featured-img":"","footer-sml-layout":"","ast-disable-related-posts":"","theme-transparent-header-meta":"","adv-header-id-meta":"","stick-header-meta":"","header-above-stick-meta":"","header-main-stick-meta":"","header-below-stick-meta":"","astra-migrate-meta-layouts":"default","ast-page-background-enabled":"default","ast-page-background-meta":{"desktop":{"background-color":"var(--ast-global-color-4)","background-image":"","background-repeat":"repeat","background-position":"center center","background-size":"auto","background-attachment":"scroll","background-type":"","background-media":"","overlay-type":"","overlay-color":"","overlay-opacity":"","overlay-gradient":""},"tablet":{"background-color":"","background-image":"","background-repeat":"repeat","background-position":"center center","background-size":"auto","background-attachment":"scroll","background-type":"","background-media":"","overlay-type":"","overlay-color":"","overlay-opacity":"","overlay-gradient":""},"mobile":{"background-color":"","background-image":"","background-repeat":"repeat","background-position":"center center","background-size":"auto","background-attachment":"scroll","background-type":"","background-media":"","overlay-type":"","overlay-color":"","overlay-opacity":"","overlay-gradient":""}},"ast-content-background-meta":{"desktop":{"background-color":"var(--ast-global-color-5)","background-image":"","background-repeat":"repeat","background-position":"center center","background-size":"auto","background-attachment":"scroll","background-type":"","background-media":"","overlay-type":"","overlay-color":"","overlay-opacity":"","overlay-gradient":""},"tablet":{"background-color":"var(--ast-global-color-5)","background-image":"","background-repeat":"repeat","background-position":"center center","background-size":"auto","background-attachment":"scroll","background-type":"","background-media":"","overlay-type":"","overlay-color":"","overlay-opacity":"","overlay-gradient":""},"mobile":{"background-color":"var(--ast-global-color-5)","background-image":"","background-repeat":"repeat","background-position":"center center","background-size":"auto","background-attachment":"scroll","background-type":"","background-media":"","overlay-type":"","overlay-color":"","overlay-opacity":"","overlay-gradient":""}},"footnotes":""},"class_list":["post-1312","page","type-page","status-publish","hentry"],"_links":{"self":[{"href":"https:\/\/grupoalcon.com\/GrupoAlconWeb\/wp-json\/wp\/v2\/pages\/1312","targetHints":{"allow":["GET"]}}],"collection":[{"href":"https:\/\/grupoalcon.com\/GrupoAlconWeb\/wp-json\/wp\/v2\/pages"}],"about":[{"href":"https:\/\/grupoalcon.com\/GrupoAlconWeb\/wp-json\/wp\/v2\/types\/page"}],"author":[{"embeddable":true,"href":"https:\/\/grupoalcon.com\/GrupoAlconWeb\/wp-json\/wp\/v2\/users\/1"}],"replies":[{"embeddable":true,"href":"https:\/\/grupoalcon.com\/GrupoAlconWeb\/wp-json\/wp\/v2\/comments?post=1312"}],"version-history":[{"count":17,"href":"https:\/\/grupoalcon.com\/GrupoAlconWeb\/wp-json\/wp\/v2\/pages\/1312\/revisions"}],"predecessor-version":[{"id":1366,"href":"https:\/\/grupoalcon.com\/GrupoAlconWeb\/wp-json\/wp\/v2\/pages\/1312\/revisions\/1366"}],"wp:attachment":[{"href":"https:\/\/grupoalcon.com\/GrupoAlconWeb\/wp-json\/wp\/v2\/media?parent=1312"}],"curies":[{"name":"wp","href":"https:\/\/api.w.org\/{rel}","templated":true}]}}